se
Is 11970 a multiple of 6?
True
Is 126 a multiple of 2?
True
Does 5 divide 1900?
True
Is 105 a factor of 45336?
False
Is 128 a multiple of 5?
False
Does 14 divide 337?
False
Is 25 a factor of 650?
True
Is 371 a multiple of 11?
False
Is 7 a factor of 3164?
True
Is 25 a factor of 3200?
True
Is 17496 a multiple of 81?
True
Does 42 divide 4200?
True
Does 10 divide 2205?
False
Is 2 a factor of 555?
False
Does 6 divide 31344?
True
Is 12 a factor of 168?
True
Is 90 a multiple of 9?
True
Is 10 a factor of 46580?
True
Is 245 a factor of 1715?
True
Is 5 a factor of 9290?
True
Is 158 a factor of 8848?
True
Is 2030 a multiple of 58?
True
Is 2065 a multiple of 35?
True
Is 925 a multiple of 35?
False
Is 147 a multiple of 12?
False
Is 13 a factor of 354?
False
Is 19 a multiple of 19?
True
Is 37 a factor of 14656?
False
Is 476 a multiple of 34?
True
Does 11 divide 2409?
True
Is 109 a factor of 699?
False
Does 47 divide 1840?
False
Is 17 a factor of 2754?
True
Is 1979 a multiple of 3?
False
Is 3 a factor of 65?
False
Is 17 a factor of 10717?
False
Is 5877 a multiple of 17?
False
Is 82 a factor of 53218?
True
Is 38 a factor of 874?
True
Is 46 a factor of 101218?
False
Is 186 a multiple of 31?
True
Does 8 divide 227?
False
Is 811 a multiple of 3?
False
Is 3 a factor of 117?
True
Is 165 a multiple of 8?
False
Is 23616 a multiple of 24?
True
Does 79 divide 9085?
True
Is 3289 a multiple of 23?
True
Does 18 divide 10116?
True
Is 5 a factor of 12746?
False
Does 5 divide 5815?
True
Is 96 a multiple of 12?
True
Is 15 a factor of 111?
False
Does 23 divide 2783?
True
Does 16 divide 3008?
True
Is 394 a multiple of 2?
True
Is 2148 a multiple of 12?
True
Is 231 a factor of 10510?
False
Does 11 divide 176?
True
Does 14 divide 15542?
False
Is 6565 a multiple of 15?
False
Is 12 a factor of 6915?
False
Is 30 a factor of 364?
False
Is 1980 a multiple of 90?
True
Is 3780 a multiple of 10?
True
Does 17 divide 577?
False
Does 4 divide 19417?
False
Does 25 divide 30475?
True
Is 444 a multiple of 7?
False
Does 8 divide 12624?
True
Does 65 divide 84563?
False
Is 10 a factor of 850?
True
Is 43695 a multiple of 20?
False
Is 2679 a multiple of 25?
False
Is 3 a factor of 153?
True
Does 10 divide 30250?
True
Is 19 a factor of 95?
True
Is 3355 a multiple of 11?
True
Is 2292 a multiple of 6?
True
Is 135 a multiple of 3?
True
Is 38 a factor of 116668?
False
Does 129 divide 4865?
False
Does 12 divide 1047?
False
Does 49 divide 19444?
False
Does 62 divide 4420?
False
Is 19 a factor of 6517?
True
Does 91 divide 3094?
True
Is 78 a factor of 15054?
True
Is 37 a factor of 3865?
False
Is 500 a multiple of 48?
False
Is 7 a factor of 483?
True
Is 2599 a multiple of 6?
False
Is 19 a factor of 1346?
False
Is 8862 a multiple of 7?
True
Does 30 divide 268?
False
Is 357 a multiple of 20?
False
Does 78 divide 13416?
True
Does 5 divide 25?
True
Is 762 a multiple of 77?
False
Does 16 divide 868?
False
Does 53 divide 1276?
False
Is 15 a factor of 471?
False
Is 606 a multiple of 3?
True
Does 15 divide 570?
True
Is 257 a multiple of 35?
False
Is 851 a multiple of 5?
False
Does 21 divide 1230?
False
Is 4216 a multiple of 13?
False
Does 8 divide 567?
False
Does 198 divide 17659?
False
Is 4 a factor of 6693?
False
Is 318 a factor of 12476?
False
Is 106 a factor of 17361?
False
Is 9330 a multiple of 10?
True
Is 25 a factor of 150?
True
Is 1760 a multiple of 20?
True
Is 1835 a multiple of 13?
False
Is 46 a factor of 70564?
True
Is 33 a factor of 495?
True
Does 19 divide 1506?
False
Is 1371 a multiple of 59?
False
Is 742 a multiple of 5?
False
Is 4 a factor of 42?
False
Is 47 a factor of 5371?
False
Is 4 a factor of 853?
False
Does 39 divide 16224?
True
Is 53834 a multiple of 22?
True
Is 6 a factor of 989?
False
Is 13 a factor of 625?
False
Does 12 divide 4446?
False
Does 19 divide 95?
True
Does 21 divide 270?
False
Is 21 a factor of 53802?
True
Is 26 a factor of 54652?
True
Is 10 a factor of 2710?
True
Is 3 a factor of 780?
True
Is 102 a factor of 9393?
False
Is 58 a factor of 97470?
False
Is 1067 a multiple of 97?
True
Is 1702 a multiple of 46?
True
Is 22 a factor of 5599?
False
Is 6 a factor of 7122?
True
Is 272 a multiple of 17?
True
Is 18 a factor of 3726?
True
Does 38 divide 988?
True
Is 121 a factor of 251?
False
Does 56 divide 2128?
True
Is 800 a multiple of 8?
True
Is 6 a factor of 5734?
False
Does 34 divide 3468?
True
Is 143 a multiple of 13?
True
Is 90 a factor of 1440?
True
Is 73 a multiple of 4?
False
Does 28 divide 2061?
False
Is 4200 a multiple of 50?
True
Does 76 divide 59888?
True
Does 25 divide 1875?
True
Is 90 a multiple of 9?
True
Is 4368 a multiple of 48?
True
Is 397 a multiple of 30?
False
Is 1248 a multiple of 13?
True
Is 271 a factor of 48238?
True
Is 24 a factor of 5688?
True
Is 38193 a multiple of 29?
True
Does 17 divide 24633?
True
Is 46 a factor of 25162?
True
Is 104283 a multiple of 9?
True
Is 3504 a multiple of 6?
True
Is 1313 a multiple of 10?
False
Is 70 a factor of 46830?
True
Is 143 a factor of 45331?
True
Does 9 divide 1343?
False
Does 33 divide 7214?
False
Does 19 divide 1026?
True
Does 40 divide 29240?
True
Is 10 a factor of 1400?
True
Is 10528 a multiple of 47?
True
Is 105807 a multiple of 39?
True
Does 15 divide 2085?
True
Is 45643 a multiple of 150?
False
Is 1605 a multiple of 49?
False
Does 61 divide 5551?
True
Is 6894 a multiple of 10?
False
Is 21 a factor of 25524?
False
Does 69 divide 1104?
True
Is 42 a factor of 18897?
False
Does 83 divide 22722?
False
Is 5 a factor of 355?
True
Is 2 a factor of 630?
True
Does 35 divide 35?
True
Is 10941 a multiple of 54?
False
Does 25 divide 900?
True
Does 37 divide 25493?
True
Is 20900 a multiple of 10?
True
Is 6 a factor of 8691?
False
Does 52 divide 1830?
False
Is 7 a factor of 235?
False
Does 5 divide 2658?
False
Is 17 a factor of 51136?
True
Is 24877 a multiple of 33?
False
Is 20 a factor of 18380?
True
Is 52 a factor of 11388?
True
Is 6688 a multiple of 43?
False
Is 2588 a multiple of 56?
False
Does 88 divide 28741?
False
Is 950 a multiple of 10?
True
Is 6344 a multiple of 104?
True
Does 10 divide 6900?
True
Is 9116 a multiple of 9?
False
Is 6 a factor of 896?
False
Is 7 a factor of 891?
False
Does 20 divide 80?
True
Is 42134 a multiple of 14?
False
Is 9 a factor of 26835?
False
Is 14364 a multiple of 108?
True
Is 20 a factor of 18780?
True
Does 17 divide 15688?
False
Is 8409 a multiple of 13?
False
Is 9191 a multiple of 91?
True
Is 73 a factor of 1500?
False
Is 36190 a multiple of 10?
True
Is 4 a factor of 1692?
True
Does 21 divide 168?
True
Is 799 a multiple of 57?
False
Is 7 a factor of 362?
False
Does 18 divide 16092?
True
Does 30 divide 3480?
True
Is 34 a factor of 726?
False
Is 11 a factor of 286?
True
Is 285 a multiple of 33?
False
Is 14 a factor of 1611?
False
Does 36 divide 612?
True
Is 1560 a multiple of 65?
True
Is 2686 a multiple of 34?
True
Does 4 divide 340?
True
Is 14 a factor of 1285?
False
Is 14 a factor of 1778?
True
Is 62 a factor of 17670?
True
Is 35752 a multiple of 193?
False
Is 25 a factor of 5429?
False
Is 114 a multiple of 19?
True
Does 59 divide 94504?
False
Is 10007 a multiple of 6?
False
Does 6 divide 36967?
False
Is 1093 a multiple of 7?
False
Is 82444 a multiple of 82?
False
Is 15 a factor of 11779?
False
Is 2444 a multiple of 13?
True
Does 18 divide 1134?
True
Does 19 divide 29792?
True
Is 53728 a multiple of 32?
True
Is 20 a factor of 640?
True
Is 23 a factor of 899?
False
Does 10 divide 300?
True
Is 29 a factor of 61828?
True
Is 93 a factor of 1013?
False
Is 1313 a multiple of 14?
False
Is 2277 a multiple of 33?
True
Does 85 divide 2465?
True
Is 104 a factor of 23577?
False
Does 36 divide 4045?
False
Is 19833 a multiple of 17?
False
Is 11 a factor of 165?
True
Is 42 a factor of 1299?
False
Does 12 divide 372?
True
Is 9 a factor of 288?
True
Does 7 divide 1013?
False
Is 12 a factor of 769?
False
Does 13 divide 2938?
True
Does 11 divide 25806?
True
Is 626 even?
True
Is 476 a multiple of 43?
False
Is 370 a multiple of 37?
True
Is 31 a factor of 3179?
False
Does 19 divide 1365?
False
Does 11 divide 1669?
False
Is 36 a multiple of 36?
True
Does 73 divide 752?
False
Is 1276 a multiple of 22?
True
Does 5 divide 145?
True
Is 329 a multiple of 5?
False
Is 5 a factor of 15?
True
Is 22 a factor of 5742?
T